et t(c) = c + 2. Let s be t(0). Let h = 202 + -62. Suppose -3*b = s*b - h. List the prime factors of b.
2, 7
Let h(c) be the second derivative of -1/12*c**4 - 4/3*c**3 + 2*c**2 - 7*c + 0. What are the prime factors of h(-7)?
11
Let x be 2/(-10)*-5*901. Suppose 4*u - x = 303. List the prime factors of u.
7, 43
Suppose 7*s = 380 + 5605. What are the prime factors of s?
3, 5, 19
What are the prime factors of (-6 - (-8)/(-4)) + 2050?
2, 1021
Let f(l) = -l**3 - 5*l**2 - 4*l + 2. Let p be f(-4). Suppose -o + 4*m + 42 = 0, 4*o - p*m = -3*m + 168. List the prime factors of o.
2, 3, 7
Suppose 3*i - 1222 = 2*i - 2*v, 4908 = 4*i - 2*v. What are the prime factors of i?
2, 613
Let u be -13 - 10 - (-1 - (4 - 1)). List the prime factors of u/(29/(-77) + 24/84).
11, 19
List the prime factors of (-66)/((-11)/((-1408)/(-12))).
2, 11
Suppose i + 4*g = 62 + 78, 5*g - 775 = -5*i. What are the prime factors of i?
2, 5
Suppose -7 - 5 = -3*f. Suppose 0 = h + f*u - 7, 3*u = -u + 4. Suppose -h*z = -0*z - 51. What are the prime factors of z?
17
Suppose -2*a + 32 = 5*x, -2*a - 20 = 3*a. Let o(d) = 5 + 3*d - x - 9. List the prime factors of o(6).
2, 3
Suppose -224 = -2*d - 5*d. Let m = 133 - d. What are the prime factors of m?
101
Let d = -194 - -278. Let y be (-5)/30 - 969/18. Let c = y + d. What are the prime factors of c?
2, 3, 5
Let f(o) = 1800*o**2 - 51*o + 52. List the prime factors of f(1).
1801
List the prime factors of (-21038)/(-12) + 60/(-360).
1753
Let i(n) = 7*n - 268. What are the prime factors of i(53)?
103
Let l be (-10)/(-35) + 741/(-21). Let y = -2 - l. What are the prime factors of y?
3, 11
Let r = -131 + 152. Let v be 1 - (9 + -2) - -1. Let g = r + v. List the prime factors of g.
2
Let b(h) = -4*h**3 + 6*h**2 + 18*h + 22. List the prime factors of b(-7).
2, 11, 71
Suppose -3*f + 5*c = -38, 2*f - 4 = 3*c - 5*c. Suppose -f*i + 13*i - 1267 = 0. What are the prime factors of i?
181
Suppose 4*d - p - 77 = 0, -4*p = -9 - 3. What are the prime factors of (d/(-15))/(-2)*123?
2, 41
Suppose t + 5 = 2*t. Suppose 0 = -5*f - 0*f - t*m - 10, m = 3*f - 10. Suppose 5*j + r - f*r = 168, 5*j = -2*r + 174. What are the prime factors of j?
2, 17
Let g be (-1 - (-3 + 2))/2. Suppose 2*n = -4*x - g*n + 58, -x = n - 14. Let s = x - -8. What are the prime factors of s?
23
Suppose 0*l - 3*l - g = -1381, -4*l + 4*g = -1836. List the prime factors of l.
2, 5, 23
Suppose 0 = -13*g + 66246 - 3495. What are the prime factors of g?
3, 1609
List the prime factors of 20/(-12) - 1/(9/(-6837)).
2, 379
Suppose -93*n = -96*n + 720. What are the prime factors of n?
2, 3, 5
Suppose 3*r - 3*j = 2*j + 2219, -2*r + 1471 = -5*j. List the prime factors of r.
2, 11, 17
Let w(y) = -10 - 3*y + 16*y - 4. Let o = -252 + 258. List the prime factors of w(o).
2
Suppose 1197*q - 1188*q - 1404 = 0. What are the prime factors of q?
2, 3, 13
Let k = -4 + 134. List the prime factors of 10/(4/10 - (-13)/k).
2, 5
Let c(a) = 2*a + 8. Let m be c(-2). Suppose -334 = -2*p + m*o, -4*o + 633 = 4*p - 5*o. List the prime factors of p.
157
Let z be (-12)/(-18)*1*24. Let u be (-6)/21 + z/7. What are the prime factors of 363/55 + u/5?
7
Let a(q) = 70*q**2 - 8*q - 14. List the prime factors of a(-6).
2, 1277
Suppose 11 = 2*d - 3*d - 4*m, 5*d - 11 = 2*m. List the prime factors of (d + (240 - -2)*-1)*-1.
241
Let r be 86/10 + (-22)/(-55). Let y be (156/(-8))/(r/(-48)). List the prime factors of (-6)/(-27) + y/18.
2, 3
Let c = 132 + 220. List the prime factors of c.
2, 11
Suppose -3*q - 443 = -n, -438 = -n - 7*q + 5*q. What are the prime factors of n?
2, 5, 11
Let f(d) = 9*d + 2. Let h be f(5). Suppose -151 + h = -13*i. List the prime factors of i.
2
Let i(l) = -2*l**3 + 3*l**2 + 4*l + 9. Let w be i(4). Suppose -2*d = -5*d + 258. Let p = d + w. What are the prime factors of p?
31
Suppose -4*u + 3*p + 390 = 0, p = 4*u - 3 - 383. Suppose 2*b - u = -a + 42, -a = b - 139. List the prime factors of a.
2, 5, 7
Suppose -12*j + 2220 = -504. List the prime factors of j.
227
List the prime factors of (3*8/(-60))/((-11)/1100).
2, 5
Let y(i) = -5*i + 8. Let x be y(12). Let h = 128 + x. List the prime factors of h.
2, 19
Let t = -256 - -118. What are the prime factors of ((-8)/2)/(-4 - 549/t)?
2, 23
Let h be (3 + 28/(-8))*-22. Suppose -5*d + h = 61. Let s(x) = x**3 + 9*x**2 - 12*x - 13. List the prime factors of s(d).
7
Suppose 2*t = 3*w - 9, 2*t - 1 = 5*w - 0. Let s = -10 - t. Suppose 3*a - 4*f = 19, 0 = -s*a - 3*f + 5*f + 12. List the prime factors of a.
5
Suppose 4*k - 8 = 6*k, -2*p - 5*k + 1506 = 0. List the prime factors of p.
7, 109
What are the prime factors of 69 - -6*2/4?
2, 3
Let c(s) = 3*s + 5. Let o be c(4). Suppose i + o = -3*t, -t - 153 = 5*i - 3*t. Let d = 17 - i. What are the prime factors of d?
2, 23
Suppose k + 5*k = 30. What are the prime factors of 46 + k - 2/1?
7
Let y = -1731 - -6093. What are the prime factors of y?
2, 3, 727
Suppose 13*b + 31 = 12*b. Let z = b - -59. What are the prime factors of z?
2, 7
Let b = -225 + 386. What are the prime factors of (12/(-4) - b)/(-1)?
2, 41
Suppose 5*j = -2*n + 465, j + 5*n + 66 = 2*j. What are the prime factors of (4/10 + j/(-65))*-324?
2, 3
Let k be (8/12 - 2)*-6. Let w(a) = -k + 2*a - a**2 + 0 - 8*a + 2*a**2. List the prime factors of w(8).
2
Suppose 0*l - 889 = -2*a - l, 2*l = -3*a + 1336. List the prime factors of a.
2, 13, 17
Suppose -5 = -z, 4*v = -0*z - 5*z + 25. Let u be (-4)/16 + (-13)/(-4). Suppose u*d - d - 34 = v. What are the prime factors of d?
17
What are the prime factors of (-5 - (-6)/(60/95))*46?
3, 23
Let q(s) = s**2 + 4*s + 5. Let r be q(-9). Suppose -6*n + 8*n - 8 = 0. Suppose -b = n*b - r. What are the prime factors of b?
2, 5
Suppose -51736 = -8*r - 11280. List the prime factors of r.
13, 389
Let q = 27 + -22. Suppose 5 + 5 = q*u. Suppose 0 = u*v + 3*k - 7 - 21, -52 = -4*v - 4*k. What are the prime factors of v?
11
Suppose 13 = 4*o + 1. Suppose -c - 10 = -o*c. Suppose -c*n - 4*f + 42 = -99, 5*f - 53 = -2*n. What are the prime factors of n?
29
Suppose 2*r = -123 + 1103. What are the prime factors of r?
2, 5, 7
Suppose -19 = 3*k + 2. Let g = 25 + k. Suppose p + 5*l + g = 0, -5*p + 3*l = -2*l - 60. List the prime factors of p.
7
What are the prime factors of (-1 + 123/15)*(-30)/(-9)?
2, 3
Let n(i) = -2*i - 5*i - 1 - 2*i - 1. List the prime factors of n(-4).
2, 17
Suppose -4*j - 800 - 946 = -3*a, 4*a - 2350 = -2*j. List the prime factors of a.
2, 293
Let v(o) = -o**3 + 192. Let c be v(0). Let z(p) = -17*p - 11. Let h be z(-2). Suppose -19*i + h*i - c = 0. List the prime factors of i.
2, 3
Let m(z) = -z**3 - 23*z**2 + z - 127. What are the prime factors of m(-24)?
5, 17
Let m(g) = -4*g - 20. Suppose 5 + 64 = 3*z. Suppose -2*t - z - 7 = 0. What are the prime factors of m(t)?
2, 5
Let n = 13 - 4. Suppose 0 = -o + n. Suppose 4*w = 3*w + o. List the prime factors of w.
3
Let r = -3608 - -8189. List the prime factors of r.
3, 509
Let x = 526 + 1158. List the prime factors of x.
2, 421
Let t = -185 + 508. What are the prime factors of t?
17, 19
Suppose -8 - 12 = -5*s. Suppose 5*o - 43 = s*o. What are the prime factors of o?
43
Let b(q) = -7*q - 26. Let s be b(-4). Suppose 0 = -w - s*w - 15, 0 = 4*u + 4*w - 724. List the prime factors of u.
2, 3, 31
Suppose -8*r + 2768 = -6632. What are the prime factors of r?
5, 47
Suppose -14*a + 4*r = -16*a + 74, 2*a + 3*r - 78 = 0. Let q(p) = 28*p**3 + 2*p**2 - 2*p + 1. Let u be q(1). Let y = a - u. What are the prime factors of y?
2
Suppose 10*d - 724 = 3136. List the prime factors of d.
2, 193
Let x = 1817 + -925. What are the prime factors of x?
2, 223
List the prime factors of -5 - (-58)/(-3)*-12.
227
Suppose t + 2*t = 0. Let m = t - -41. What are the prime factors of m?
41
What are the prime factors of (-14)/21 + 2612/12?
7, 31
List the prime factors of (-108710)/(-105) + (4/(-6))/2.
3, 5, 23
Let c(l) = -l**3 + 11*l**2 - l + 16. Let s be c(11). Suppose -4*i + k - 25 = -0*i, -k = s*i + 29. List the prime factors of (4/i)/((-4)/108).
2, 3
Suppose -2*c = -93 - 141. Let a = c + -65. What are the prime factors of a?
2, 13
Suppose 38*b - 50*b + 23292 = 0. List the prime factors of b.
3, 647
Let l(c) = -7*c - 2. Let m(u) = 6*u + 3. Let v(k) = 4*l(k) + 3*m(k). What are the prime factors of v(-5)?
3, 17
Let j be 15/(-25) - 8/(-